w + 49. Calculate the greatest common factor of 28 and w.
7
Let x be (-1)/(4 - (-36)/(-8)). Let t(o) = 7 + 28 - 2*o - o**x + 4*o - o - o**3. Let p be t(0). What is the highest common divisor of 7 and p?
7
Let x = 73 + -59. Let c be (-2 - 1) + -3 + 11. Let g(f) = 2*f**2 + 3*f + 5. Let r be g(c). Calculate the highest common divisor of r and x.
14
Suppose -436 = -8*o - 2572. Let q = -175 - o. Let t = q + -62. What is the greatest common divisor of t and 6?
6
Let n be 6*(-1)/(-2) + -11 + 62. Calculate the greatest common divisor of n and 2.
2
Let m = 132 + -2. Suppose 17 = d - 2*i, -5*d + m = 7*i - 2*i. Let q = d + 13. What is the greatest common factor of 9 and q?
9
Let g = -53 - -93. Suppose 3*n - 29 - g = 0. Suppose 3*c - n = 31. What is the greatest common divisor of c and 9?
9
Suppose 8*m - 26 = 110. Calculate the greatest common divisor of m and 153.
17
Suppose -h + 5*y + 59 = 3*y, -2*h = -3*y - 114. Suppose -10*r - 17 + 187 = 0. What is the highest common divisor of r and h?
17
Suppose 34 - 2 = y. Let w(d) = -d**2 - 13*d + 10. Let r be w(-13). Let t be (r + -8)/((-2)/(-8)). What is the highest common factor of t and y?
8
Let m be (-14)/(-91) + (-37)/(-13). Let d be (m + 10/(-3))*-48. What is the greatest common factor of 80 and d?
16
Suppose -360 = -b - 8*y + 6*y, -5*y = -5*b + 1740. Calculate the highest common factor of b and 160.
32
Suppose -48*v + 6*v = -43092. What is the greatest common divisor of 54 and v?
54
Let o = 5 - -175. Suppose 4*c - 220 = -t, 4*t + o = 3*c + t. Let j(g) = g**3 - 5*g**2 + 5*g + 4. Let u be j(4). What is the greatest common factor of c and u?
8
Suppose -4*m = 4*p - 132, 0*m - m = 4*p - 33. Let y = m - 15. Let b(u) = -u. Let v be b(-2). Calculate the greatest common divisor of v and y.
2
Suppose 5*v - 2482 = 4*z - 9212, -z + 1686 = -3*v. Calculate the greatest common divisor of z and 42.
42
Let d = -70 + 95. Suppose v = -v - 4. Let f be v/(-3)*75/2. Calculate the highest common factor of f and d.
25
Suppose -26*v = -13*v - 286. Let g = 4 - 1. Suppose g*a - o = a + 111, 2*o + 2 = 0. What is the highest common divisor of a and v?
11
Suppose 7*q + 981 = 1863. What is the greatest common factor of 28 and q?
14
Let q(k) = k**2 - k - 1. Let i(p) = 4*p**2 + 3*p + 4. Let j(d) = i(d) + 2*q(d). Let m be j(2). What is the highest common factor of m and 4?
4
Let t be (-854)/(-10) - 177/(-295). What is the greatest common factor of 16 and t?
2
Let j(r) = -r**3 + 14*r**2 - 25*r + 14. Let z be j(12). What is the highest common factor of 106 and z?
2
Suppose 0 = 4*s + 97 + 27. Let l = s + 67. Suppose 0*z + z - 6 = -3*x, 66 = 5*z - 3*x. Calculate the greatest common factor of z and l.
12
Let y(k) be the first derivative of k**3 + 7*k**2/2 + 6*k + 6. Let g be y(-7). What is the greatest common divisor of 13 and g?
13
Let n be (-2)/(((-260)/(-132) + -2)*2). Calculate the greatest common divisor of 6 and n.
3
Let l be 0 + -5 - 0 - -242. Suppose -4*m - 77 = -l. Calculate the highest common factor of 5 and m.
5
Let p = -106 - -206. Calculate the highest common divisor of p and 40.
20
Suppose -5*y = -2*x + 5*x - 48, 2*y + 16 = 2*x. Suppose -x + 76 = 5*f. Let z = f + -8. What is the highest common factor of z and 55?
5
Let t = 1 - -5. Suppose -t*b + 9*b = 108. What is the greatest common factor of b and 9?
9
Let r(p) = -9*p + 1. Let h be r(-2). Let m(b) = 2*b**2 - 3*b - 5. Suppose -3*a - 17 = 4. Let u be m(a). What is the greatest common divisor of u and h?
19
Suppose 5*y = -100 + 740. Let g be ((-142)/(-4))/(-3 + 28/8). Let c = g + -55. What is the highest common factor of y and c?
16
Suppose 2*v - 2455 - 1069 = -4*l, 3*l + 3*v = 2646. Calculate the highest common factor of 20 and l.
20
Let f(b) be the third derivative of -5*b**4/24 - 8*b**3/3 + 6*b**2. Let a be f(-8). Let t = a + -16. What is the highest common divisor of 20 and t?
4
Let l be ((-83)/166)/(1/(-78)). Calculate the greatest common divisor of 312 and l.
39
Let r(w) = 4*w**2 - 7*w - 3. Let h be r(-5). What is the highest common divisor of h and 363?
33
Let s = 31 + -6. Suppose 2*m = 135 + 65. What is the highest common divisor of s and m?
25
Let m(p) = -p**3 - 5*p**2 - 5*p - 17. Let k be m(-5). Suppose -3*z = 4*c - 151, -k*z - 15 = -3*z. Calculate the greatest common divisor of c and 16.
8
Let f = 5 + -4. Suppose f = -2*q + 5, -448 = -5*j + q. Let h be ((-72)/10)/((-4)/20). What is the greatest common divisor of h and j?
18
Let r(z) = 437*z**2 - 54*z - 112. Let c be r(-2). Calculate the greatest common factor of 16 and c.
16
Let d = 285 - 234. What is the highest common factor of d and 68?
17
Suppose 0 = -r - 4*r + 25. Suppose 0 = 3*m - r*m - 24. Let u be (-3 + m)*(-3)/5. What is the highest common factor of u and 99?
9
Suppose 0 = -5*c + 12 + 3. Let b be c/9 + (-70)/(-6). Suppose -u + 0*u = 2*w - 28, -3*w - 33 = -u. What is the greatest common factor of u and b?
6
Let y = 154 - 73. Suppose -11 = -9*a + 7. Suppose -61 = -5*r + r - 5*o, -a*o = -10. Calculate the greatest common factor of y and r.
9
Suppose 583 = 19*k - 215. What is the highest common factor of k and 49?
7
Suppose -5*g - k + 12 = 0, -3*g - 5*k + 14 = -g. Suppose -a + 7 = g*z - 7, -z - 2 = 5*a. Let l be 10/1*24/10. What is the highest common factor of l and z?
8
Let b(n) = -5*n - 91 + 2*n + 75. Let y be b(-12). What is the greatest common factor of 8 and y?
4
Let o(h) = 27*h - 5. Let q = 13 - 3. Suppose -q = -3*g + 5*v - v, -5*v = 5. Let i be o(g). Calculate the greatest common divisor of 7 and i.
7
Suppose -f + 191 = -4*o, -f + 4 + 195 = 4*o. Let u be (78/10)/((-1)/(-5)). Calculate the highest common factor of f and u.
39
Suppose 3*i = -5*m + 255, -6*m - 5*i = -9*m + 119. What is the greatest common factor of m and 1968?
48
Suppose 592 = 19*y + 136. Suppose v + n = 1, -n = v + 2*v + 1. Let r(b) = -191*b + 1. Let w be r(v). What is the greatest common factor of w and y?
24
Let u(y) = -41*y + 4. Let z be u(-3). Suppose z = -5*x - 3*r, -42 = 2*x - 0*x - r. Let w = -15 - x. Calculate the greatest common divisor of w and 64.
8
Let h(y) = -11*y - 3. Let o be h(-9). Calculate the greatest common divisor of o and 240.
48
Suppose -2*r + 58 = 4. Let g(u) = u**3 + 2*u**2 - 2*u - 1. Let p be g(-2). Calculate the greatest common factor of r and p.
3
Let p be ((-423)/3)/((-1)/2 - 1). Let m be (-4)/18 - p/(-18). Calculate the greatest common divisor of 25 and m.
5
Let c(o) = -o**2 - 5*o + 16. Let u be c(-7). Suppose -6*q = -3*q - 864. Suppose 5*r - q = -4*s, u*r + 0*r = -8. What is the highest common divisor of 7 and s?
7
Let i = -2309 + 2449. Calculate the highest common factor of 490 and i.
70
Let j(x) = 19*x - 38. Let o be j(-3). Let p = o - -110. What is the greatest common divisor of p and 60?
15
Let t(a) = -6*a - 24. Suppose -80 = -x + 96. Let s be 4/22 - 2144/x. Let r be t(s). What is the highest common factor of 8 and r?
8
Suppose 59 = a + 4*x, -29 = 5*a - 4*x - 348. Let j = -39 + 60. What is the highest common factor of a and j?
21
Suppose 5*k - 4*d = 260, -4*k - 156 = -7*k + 3*d. What is the greatest common divisor of k and 26?
26
Let m(n) = -2*n**3 - 68*n**2 + 71*n + 39. Let g be m(-35). Calculate the greatest common factor of g and 23.
1
Suppose -54*y = -5*y - 294. What is the greatest common factor of y and 57?
3
Let s be ((-676)/20)/(-4 + 19/5). Calculate the highest common divisor of 39 and s.
13
Suppose -5*l - g = -545, -3*g = -4*l - 5*g + 442. Calculate the greatest common factor of 189 and l.
27
Let y = -61 + 58. Let a(q) = q**2 - 3*q - 9. Let n be a(y). Calculate the highest common divisor of n and 63.
9
Let m be ((-50)/35)/(2/(-14)). Let s = 4 + m. Let g = s - 11. What is the greatest common divisor of g and 6?
3
Suppose 7*l - 196 = -7. Let h(g) = 8*g**2 + 3*g - 2. Let o be h(1). Calculate the highest common factor of o and l.
9
Let f(u) = -2*u**2 - u + 1. Let b be f(1). Let t = 1 - b. Calculate the highest common divisor of 3 and t.
3
Let n(o) = -o**3 + 6*o**2 + 7*o + 2. Let g = 45 + -38. Let t be n(g). Calculate the highest common divisor of t and 5.
1
Suppose -2*p + 17 = -9. Let s(u) = 3*u - 8. Let l be s(7). What is the highest common divisor of p and l?
13
Let h be 1 + -15*102/(-72)*4. What is the greatest common factor of 215 and h?
43
Suppose -4368 = -11*s - 2*s. Calculate the highest comm